{"id":90669,"date":"2025-08-20T17:28:26","date_gmt":"2025-08-20T17:28:26","guid":{"rendered":"https:\/\/incubadora.undc.edu.pe\/?page_id=90669"},"modified":"2025-09-26T03:59:20","modified_gmt":"2025-09-26T03:59:20","slug":"concurso-de-incubadora-2025","status":"publish","type":"page","link":"https:\/\/incubadora.undc.edu.pe\/index.php\/concurso-de-incubadora-2025\/","title":{"rendered":"CONCURSO DE INCUBADORA 2025"},"content":{"rendered":"\n<figure class=\"wp-block-image size-full is-resized\"><img loading=\"lazy\" decoding=\"async\" width=\"1728\" height=\"2560\" src=\"https:\/\/incubadora.undc.edu.pe\/wp-content\/uploads\/2025\/08\/BANNER-DE-INCUBADORA-27-08-scaled.jpg\" alt=\"\" class=\"wp-image-90681\" style=\"width:423px;height:auto\" srcset=\"https:\/\/incubadora.undc.edu.pe\/wp-content\/uploads\/2025\/08\/BANNER-DE-INCUBADORA-27-08-scaled.jpg 1728w, https:\/\/incubadora.undc.edu.pe\/wp-content\/uploads\/2025\/08\/BANNER-DE-INCUBADORA-27-08-203x300.jpg 203w, https:\/\/incubadora.undc.edu.pe\/wp-content\/uploads\/2025\/08\/BANNER-DE-INCUBADORA-27-08-691x1024.jpg 691w, https:\/\/incubadora.undc.edu.pe\/wp-content\/uploads\/2025\/08\/BANNER-DE-INCUBADORA-27-08-768x1138.jpg 768w, https:\/\/incubadora.undc.edu.pe\/wp-content\/uploads\/2025\/08\/BANNER-DE-INCUBADORA-27-08-1037x1536.jpg 1037w, https:\/\/incubadora.undc.edu.pe\/wp-content\/uploads\/2025\/08\/BANNER-DE-INCUBADORA-27-08-1383x2048.jpg 1383w\" sizes=\"auto, (max-width: 1728px) 100vw, 1728px\" \/><\/figure>\n\n\n\n<p>Estimados(as) estudiantes y graduados(as) 2024:<\/p>\n\n\n\n<p>La Universidad Nacional de Ca\u00f1ete, a trav\u00e9s de la Direcci\u00f3n de Incubadora de Empresas, tiene el agrado de invitarles a participar en el&nbsp;<strong>Concurso de Incubadora de Empresas 2025<\/strong>, cuyo objetivo es&nbsp;<strong>fomentar el desarrollo de capacidades en investigaci\u00f3n aplicada e innovaci\u00f3n<\/strong>, mediante la identificaci\u00f3n, formulaci\u00f3n y validaci\u00f3n de propuestas innovadoras con base cient\u00edfica o tecnol\u00f3gica que respondan a problem\u00e1ticas del entorno, y que generen resultados protegibles (patentes, derechos de autor, software, art\u00edculos cient\u00edficos), contribuyendo al fortalecimiento de la cultura de investigaci\u00f3n y al desarrollo local.<\/p>\n\n\n\n<p><img decoding=\"async\" alt=\"\ud83d\udd39\" src=\"https:\/\/fonts.gstatic.com\/s\/e\/notoemoji\/16.0\/1f539\/32.png\">&nbsp;<strong>Beneficios del concurso:<\/strong><\/p>\n\n\n\n<ul class=\"wp-block-list\">\n<li>Financiamiento de&nbsp;<strong>S\/ 2,000.00<\/strong>&nbsp;por proyecto.<\/li>\n\n\n\n<li>Financiaci\u00f3n de&nbsp;<strong>10 proyectos de incubaci\u00f3n<\/strong>&nbsp;(2 por cada Escuela Profesional).<\/li>\n<\/ul>\n\n\n\n<p><img decoding=\"async\" alt=\"\ud83d\udd39\" src=\"https:\/\/fonts.gstatic.com\/s\/e\/notoemoji\/16.0\/1f539\/32.png\">&nbsp;<strong>Requisitos de participaci\u00f3n:<\/strong><\/p>\n\n\n\n<ul class=\"wp-block-list\">\n<li>Equipos de hasta 3 integrantes (uno ser\u00e1 el coordinador).<\/li>\n\n\n\n<li>Integrantes de una misma carrera o de diferentes Escuelas Profesionales de la UNDC.<\/li>\n\n\n\n<li>Podr\u00e1n participar estudiantes de las Escuelas Profesionales de Administraci\u00f3n, Administraci\u00f3n de Turismo y Hoteler\u00eda, Agronom\u00eda, Contabilidad e Ingenier\u00eda de Sistemas, as\u00ed como graduados 2024.<\/li>\n<\/ul>\n\n\n\n<p><img decoding=\"async\" src=\"https:\/\/fonts.gstatic.com\/s\/e\/notoemoji\/16.0\/1f4c5\/32.png\" alt=\"\ud83d\udcc5\">&nbsp;<strong>Fecha l\u00edmite de postulaci\u00f3n:<\/strong>&nbsp;domingo 07 de setiembre de 2025.<\/p>\n\n\n\n<p><img decoding=\"async\" src=\"https:\/\/fonts.gstatic.com\/s\/e\/notoemoji\/16.0\/1f4e7\/32.png\" alt=\"\ud83d\udce7\">&nbsp;<strong>Consultas:<\/strong>&nbsp;<a>dincubadora@undc.edu.pe<\/a><\/p>\n\n\n\n<p><a href=\"https:\/\/drive.google.com\/drive\/folders\/1djSbo7oWU6ctrN5WnhIhvCNVFVnWRZYJ?usp=drive_link\" data-type=\"link\" data-id=\"https:\/\/drive.google.com\/drive\/folders\/1djSbo7oWU6ctrN5WnhIhvCNVFVnWRZYJ?usp=drive_link\">BASES DEL CONCURSO<\/a><\/p>\n\n\n\n<p><a href=\"https:\/\/forms.gle\/PkTehGjruaGciPtz5\" data-type=\"link\" data-id=\"https:\/\/forms.gle\/PkTehGjruaGciPtz5\">Link de la inscripci\u00f3n<\/a><\/p>\n\n\n\n<p><img decoding=\"async\" alt=\"\ud83d\udc49\" src=\"https:\/\/fonts.gstatic.com\/s\/e\/notoemoji\/16.0\/1f449\/32.png\">&nbsp;\u00a1No pierdas esta oportunidad de hacer realidad tu proyecto innovador y contribuir al desarrollo de nuestra comunidad!<\/p>\n\n\n\n<p><a href=\"https:\/\/goo.su\/DDaEnu\" data-type=\"link\" data-id=\"https:\/\/goo.su\/DDaEnu\">RESULTADOS DE CUMPLIMIENTO DE REQUISITOS<\/a><\/p>\n\n\n\n<figure class=\"wp-block-image size-large\"><img loading=\"lazy\" decoding=\"async\" width=\"725\" height=\"1024\" src=\"https:\/\/incubadora.undc.edu.pe\/wp-content\/uploads\/2025\/09\/ACTA-DE-RESULTADOS-1R_page-0001-725x1024.jpg\" alt=\"\" class=\"wp-image-90692\" srcset=\"https:\/\/incubadora.undc.edu.pe\/wp-content\/uploads\/2025\/09\/ACTA-DE-RESULTADOS-1R_page-0001-725x1024.jpg 725w, https:\/\/incubadora.undc.edu.pe\/wp-content\/uploads\/2025\/09\/ACTA-DE-RESULTADOS-1R_page-0001-212x300.jpg 212w, https:\/\/incubadora.undc.edu.pe\/wp-content\/uploads\/2025\/09\/ACTA-DE-RESULTADOS-1R_page-0001-768x1085.jpg 768w, https:\/\/incubadora.undc.edu.pe\/wp-content\/uploads\/2025\/09\/ACTA-DE-RESULTADOS-1R_page-0001-1087x1536.jpg 1087w, https:\/\/incubadora.undc.edu.pe\/wp-content\/uploads\/2025\/09\/ACTA-DE-RESULTADOS-1R_page-0001.jpg 1241w\" sizes=\"auto, (max-width: 725px) 100vw, 725px\" \/><\/figure>\n","protected":false},"excerpt":{"rendered":"<p>Estimados(as) estudiantes y graduados(as) 2024: La Universidad Nacional de Ca\u00f1ete, a trav\u00e9s de la Direcci\u00f3n de Incubadora de Empresas, tiene el agrado de invitarles a participar en el&nbsp;Concurso de Incubadora de Empresas 2025, cuyo objetivo es&nbsp;fomentar el desarrollo de capacidades en investigaci\u00f3n aplicada e innovaci\u00f3n, mediante la identificaci\u00f3n, formulaci\u00f3n y validaci\u00f3n de propuestas innovadoras con&#8230;<\/p>\n","protected":false},"author":2,"featured_media":0,"parent":0,"menu_order":0,"comment_status":"closed","ping_status":"closed","template":"","meta":{"footnotes":""},"class_list":["post-90669","page","type-page","status-publish","hentry"],"_links":{"self":[{"href":"https:\/\/incubadora.undc.edu.pe\/index.php\/wp-json\/wp\/v2\/pages\/90669","targetHints":{"allow":["GET"]}}],"collection":[{"href":"https:\/\/incubadora.undc.edu.pe\/index.php\/wp-json\/wp\/v2\/pages"}],"about":[{"href":"https:\/\/incubadora.undc.edu.pe\/index.php\/wp-json\/wp\/v2\/types\/page"}],"author":[{"embeddable":true,"href":"https:\/\/incubadora.undc.edu.pe\/index.php\/wp-json\/wp\/v2\/users\/2"}],"replies":[{"embeddable":true,"href":"https:\/\/incubadora.undc.edu.pe\/index.php\/wp-json\/wp\/v2\/comments?post=90669"}],"version-history":[{"count":9,"href":"https:\/\/incubadora.undc.edu.pe\/index.php\/wp-json\/wp\/v2\/pages\/90669\/revisions"}],"predecessor-version":[{"id":90693,"href":"https:\/\/incubadora.undc.edu.pe\/index.php\/wp-json\/wp\/v2\/pages\/90669\/revisions\/90693"}],"wp:attachment":[{"href":"https:\/\/incubadora.undc.edu.pe\/index.php\/wp-json\/wp\/v2\/media?parent=90669"}],"curies":[{"name":"wp","href":"https:\/\/api.w.org\/{rel}","templated":true}]}}